 1. Let u be a(-2). Let g(r) = 3*r**2 - 3. Let f(m) = 4*m**2 - 3. Let z(t) = u*g(t) + 4*f(t). What is the tens digit of z(5)?
2
Let b = 12 - 12. Suppose b = 2*a + 2*a. Suppose a = 2*z - 5*z + 21. What is the units digit of z?
7
Let r(w) = w + 1. Let i(q) = q**3 + 10*q**2 - 13*q - 15. Let b(z) = z - 11. Let p be b(0). Let y be i(p). What is the units digit of r(y)?
8
Let w(a) = -a - 19. Let l be w(-17). Let r = l + 114. What is the units digit of r?
2
Let z be (-6 - -40)/(2/(-32)). Let m be z/(-119) + (-3)/(-7). Suppose -5*r = -3*x + 152, 2*x - 46 = -m*r + 47. What is the tens digit of x?
4
Suppose h - 2 = 3. Suppose h = 5*f + 4*d, -5*f - 7*d + 2*d = 0. Suppose -f*s - 120 = -0*q - 4*q, 0 = q + 2*s - 17. What is the tens digit of q?
2
Let i(v) = -v**3 + 12*v**2 + 46*v - 17. What is the units digit of i(11)?
0
Suppose 5*w = 4*w - 5*d - 2, -4*w + 4*d = -16. Suppose 4*o - 2*z = -6*z + 724, 531 = w*o - 3*z. What is the tens digit of o?
7
What is the hundreds digit of 1311/5 + -4 + 4/5?
2
What is the thousands digit of (-25886)/(-8) - (-539)/(-196)?
3
Let j(y) be the third derivative of -y**5/60 + 7*y**4/12 - 5*y**3/6 - 4*y**2. What is the units digit of j(9)?
0
Let y be ((-15873)/6)/((-7)/56). What is the tens digit of 3/7 + y/91?
3
Let y(j) = -j**2 + 2*j + 3. Let d be y(3). Suppose -3 = -3*x, d = -k + 3*x - 3 + 39. What is the units digit of k?
9
What is the hundreds digit of 166 + -1*(-2 + 2 - -4)?
1
Let h be (0 + -2)*(-5 - -4). Suppose -2*i - 4 = -5*l, -i + 3*l = h*i - 3. Suppose -3*f - 75 = -i*z - 2*f, 3*z - 81 = 3*f. What is the units digit of z?
4
Suppose 0*n + 2*n + 240 = -3*g, 5*g = -5*n - 610. Let z = n - -136. What is the units digit of z?
0
Let s(q) = q**2 - 4*q + 4. Let i(w) = -w + 1. Let g(z) = -3*i(z) - s(z). Let m be g(5). Suppose -3*c = -0*c - m. What is the units digit of c?
1
Let i be (-1)/((-140)/48 + 3). What is the units digit of 6/4*(-40)/i?
5
Let u(x) = 6 - 19*x**2 - 23*x**2 - 5*x + x**3 - 11*x**2 + 66*x**2. What is the units digit of u(-13)?
1
Let s(o) = -13*o**2 + 6*o + 21. Let v(d) = -12*d**2 + 5*d + 22. Let q(l) = -5*s(l) + 4*v(l). What is the tens digit of q(-4)?
9
Let z(t) = -50*t + 25*t - t**2 + 72 + 24*t. Let c = -4 - -4. What is the tens digit of z(c)?
7
Let k be 1*(28/6 + 4/(-6)). Let m(a) = -a - 3. Let x be m(-8). Suppose v + k*v = -5*t + 245, 0 = 4*t - x*v - 151. What is the tens digit of t?
4
Let o(m) = -11*m**3 + 2*m + 8. Let t be o(-2). Let p = 148 - t. What is the units digit of p?
6
Suppose -12*h + 16*h - 12 = 0. What is the units digit of 1/((-1)/h) - -74?
1
Let i(s) = -97*s - 221. What is the units digit of i(-9)?
2
What is the tens digit of 3/(-3 - 5984/(-1992))?
4
Let h(x) = x**2 - 5*x - 10. Let c be h(-2). Suppose c*s - 52 = 140. What is the units digit of s?
8
Let y(v) = 11*v**2 + 3*v - 4. Let s(r) = -4*r**2 - r + 1. Let u(p) = -7*s(p) - 2*y(p). Let n be u(-1). Suppose 9*z - 57 = n*z. What is the tens digit of z?
1
Let c(f) = 94*f**3 + 6*f**2 - 9*f - 7. What is the units digit of c(3)?
8
What is the hundreds digit of ((-121307)/58 - (-1)/(-2))/(-2)?
0
Let c(j) be the third derivative of j**6/120 - 2*j**5/15 + j**4/24 - j**3/3 + j**2. Let x be 6 + -4 + (18/3 - 0). What is the units digit of c(x)?
6
Let z be (5*(-4)/(-50))/(2/10). What is the tens digit of 223 - (-8 + 6) - (-5 + z)?
2
Suppose 13*o = 37*o - 47088. What is the tens digit of o?
6
Let r = -17 - -17. Suppose 3*k - 2*z + 259 = r, -3*k + 6*z - 265 = z. Let q = k - -134. What is the tens digit of q?
4
Let c(d) = d - 3. Let f be c(5). Let l be f/(-6) - (-3)/9. Suppose -91 = -j - j - 5*w, -3*j + 3*w + 105 = l. What is the tens digit of j?
3
Let c be (-508)/8*1*-2. Suppose 2*w = c - 3. Let v = -36 + w. What is the tens digit of v?
2
Suppose 8*w + 4*f = 7*w + 1645, 4*w + 5*f = 6547. What is the thousands digit of w?
1
Let l(w) = w**2 + 3*w - 5. Suppose -36 = -q - 4*q - 2*n, -5*n - 2 = q. Let i be l(q). Suppose 5*v - 10 = 0, 5*z - 2*v - i = -v. What is the units digit of z?
7
Let y(s) be the second derivative of -s**5/20 - s**4/3 - s**3/6 - 3*s**2/2 + 6*s. What is the units digit of y(-5)?
7
Suppose 2*j - 6*j = 132. Let y = -29 - j. Suppose -2*q + y*q - 32 = 0. What is the tens digit of q?
1
What is the units digit of (-101178)/(-55) + (1 - (-9)/(-15))?
0
Let w = 8 - -8. Let m = -27 + w. What is the units digit of (-427)/m - (-2)/11?
9
Suppose -2855 = -2*f - 3*q, -2*f - 5*q = -6*f + 5677. What is the thousands digit of f?
1
Suppose 4*j = -j + 20. Let q be j*((-330)/(-8) + 3). Suppose -5*u = y - 131, -22 = 5*u - 5*y - q. What is the tens digit of u?
2
Let u = 2400 - 882. What is the hundreds digit of u?
5
Let d = 30 + 297. What is the units digit of d?
7
Let g(z) = 0*z + 0 - 5 + z + 4. Let d be g(5). Suppose -y - 64 = -d*p + y, -p + 5*y + 7 = 0. What is the tens digit of p?
1
Let g(l) = -l**3 + l**2 - 2*l + 3. Let j = 33 - 26. Let c = 4 - j. What is the units digit of g(c)?
5
What is the tens digit of (-64)/(-12)*(-8025)/(-20)?
4
Suppose -225 = 2*k + 3*k. Let p(d) = 9*d + 4. Let m be p(7). Let q = m + k. What is the units digit of q?
2
Suppose -3961 = -2*y - q, 0 = 7*y - 2*y + 3*q - 9900. What is the tens digit of y?
8
Suppose 0 = 61*q - 40082 - 84480. What is the tens digit of q?
4
Let q(m) = -18*m - 1. Let u be q(-3). Let n = 145 - u. What is the units digit of n?
2
Suppose 4*i - 4143 = -207. What is the tens digit of i?
8
Let y(g) = g**3 - 2*g**2 + 4*g - 1. Let l be y(0). What is the hundreds digit of (1 - (-108 - l)) + -2 + -2?
1
Let c = -1136 + 1750. What is the hundreds digit of c?
6
Let v(n) = n**3 - 2*n**2 - 2*n. Let x be v(3). Suppose -4*a + 8 = -20. Suppose x*s = a*s - 52. What is the units digit of s?
3
Let u = 2 - -3. What is the hundreds digit of (29*-1)/((30/(-24))/u)?
1
Let u(r) be the first derivative of -r**3/3 - r**2 - r + 7. Let w be u(-1). Suppose -3*y + 4*k + 9 = w, 0*k = 5*y + 3*k - 44. What is the units digit of y?
7
Let b(d) = 8*d. Suppose -2*q = -2*a + 10, 4 = -2*q - 2*a + 14. Suppose q*j + 4*j - 8 = 0. What is the tens digit of b(j)?
1
Suppose 21*s - 13230 = 50883. What is the hundreds digit of s?
0
Suppose 3*k + c = -107, 0*k + 2*c = -k - 34. What is the units digit of (36/(-10))/(k/480)?
8
Let s = -590 + 1086. What is the tens digit of s?
9
What is the thousands digit of -1 + 4 + (-4)/4*-2027?
2
Suppose m = 50 + 34. What is the tens digit of m?
8
Suppose u - 13 = -2*r, 35 = 5*r + 3*u - u. Let n be (-2*1)/((-3)/r). Suppose -n*j + 382 - 100 = 0. What is the units digit of j?
7
Let b = 1062 + -712. What is the hundreds digit of b?
3
What is the units digit of (5 + -7)/((-9)/(48141/6))?
3
Suppose v + 16 + 3 = 0. Let f = -16 - v. Suppose 0 = 3*r + 4*j + 20 - 109, 2*r - f*j = 65. What is the units digit of r?
1
Let o(m) = m**3 + 37*m**2 - 48*m + 11. What is the units digit of o(-38)?
1
Let m = -3557 + 5947. What is the hundreds digit of m?
3
Suppose f = -14 - 25. Let k = 10 - f. What is the units digit of k?
9
Let a(r) = -186*r - 5. What is the thousands digit of a(-7)?
1
Let a = -82 - -93. Suppose 3 = 5*c - 7. Let x = a + c. What is the units digit of x?
3
Let q(x) = -x**3 - 4*x**2 - x. Let p be q(-4). Suppose 0 = -2*k - p*s + 166, 5*s + 184 = k + k. What is the units digit of k?
7
Suppose 4*b - 2562 = -3*a, 8*b = 4*b + a + 2554. What is the hundreds digit of b?
6
Let g = 34 - 25. Suppose -13*u = -g*u - 216. What is the units digit of u?
4
Let g = -5561 - -10366. What is the hundreds digit of g?
8
Suppose -4*r + b = -15, r - b - 10 = -2*b. What is the units digit of (-1)/(20/(-1812)) - 3/r?
0
Let x be 9 - 6 - 0/1. Let s be (310/(-4))/(x/(-6)). Suppose 0 = -5*k + 5*z - 2*z + s, -k + 14 = -4*z. What is the units digit of k?
4
Let d(y) = 5*y**3 + 4*y**2 - 3*y + 2. Suppose 6*o + 10 = 28. What is the hundreds digit of d(o)?
1
Suppose 3*h - 1173 = -2*r, -400 = -r + 4*h + 181. What is the tens digit of r?
8
Let k(y) be the first derivative of -y**4/8 + 4*y**3/3 - 5*y**2/2 - 4. Let d(o) be the second derivative of k(o). What is the units digit of d(-12)?
4
Let b be (0/3)/(2/(-1)). Suppose i - 24 = 4*f - i, b = f - 3*i + 1. What is the units digit of 20 + f + (0 - 0)?
3
Suppose -4*s - 2*m = -1958, -3*s + m = -m - 1479. What is the tens digit of s?
9
Let c = -4 - -32. Suppose 2*o - 32 = c. What is the units digit of o?
0
Let m(q) = q**